{"id":1613,"date":"2023-03-06T11:17:01","date_gmt":"2023-03-06T11:17:01","guid":{"rendered":"https:\/\/www.ferreteriavert.es\/accesibilidad\/"},"modified":"2024-03-25T15:24:34","modified_gmt":"2024-03-25T15:24:34","slug":"accesibilidad","status":"publish","type":"page","link":"https:\/\/ferreteriavert.es\/es\/accesibilidad\/","title":{"rendered":"Accesibilidad"},"content":{"rendered":"<div class=\"fusion-fullwidth fullwidth-box fusion-builder-row-1 fusion-flex-container has-pattern-background has-mask-background nonhundred-percent-fullwidth non-hundred-percent-height-scrolling\" style=\"--awb-border-radius-top-left:0px;--awb-border-radius-top-right:0px;--awb-border-radius-bottom-right:0px;--awb-border-radius-bottom-left:0px;--awb-flex-wrap:wrap;\" ><div class=\"fusion-builder-row fusion-row fusion-flex-align-items-flex-start fusion-flex-content-wrap\" style=\"max-width:1424.8px;margin-left: calc(-4% \/ 2 );margin-right: calc(-4% \/ 2 );\"><div class=\"fusion-layout-column fusion_builder_column fusion-builder-column-0 fusion_builder_column_1_1 1_1 fusion-flex-column\" style=\"--awb-bg-size:cover;--awb-width-large:100%;--awb-margin-top-large:0px;--awb-spacing-right-large:1.92%;--awb-margin-bottom-large:20px;--awb-spacing-left-large:1.92%;--awb-width-medium:100%;--awb-order-medium:0;--awb-spacing-right-medium:1.92%;--awb-spacing-left-medium:1.92%;--awb-width-small:100%;--awb-order-small:0;--awb-spacing-right-small:1.92%;--awb-spacing-left-small:1.92%;\"><div class=\"fusion-column-wrapper fusion-column-has-shadow fusion-flex-justify-content-flex-start fusion-content-layout-column\"><div class=\"fusion-title title fusion-title-1 fusion-sep-none fusion-title-text fusion-title-size-one\" style=\"--awb-font-size:38px;\"><h1 class=\"fusion-title-heading title-heading-left\" style=\"margin:0;font-size:1em;\">Declaraci\u00f3n de accesibilidad<\/h1><\/div><div class=\"fusion-text fusion-text-1\"><div class=\"container-fluid hidden-xs\">\n<div>\n<div>\n<p>Correo electr\u00f3nico: ferreteriavert@gmail.com<br \/>\nTel\u00e9fonos: +34 93 442 48 50<\/p>\n<p>Las comunicaciones ser\u00e1n recibidas y tratadas por el departamento de atenci\u00f3n de cliente de Ferreteria Vert, como unidad responsable de los contenidos de este sitio web.<\/p>\n<p>Tambi\u00e9n puede solicitar en formato accesible informaci\u00f3n que no cumpla con los requisitos de accesibilidad bien por estar excluida, bien por estar exenta por carga desproporcionada; o formular una queja por incumplimiento de los requisitos de accesibilidad. Enlace al formulario de contacto del art\u00edculo 12 del Real Decreto 1112\/2018, de 7 de septiembre.<\/p>\n<p>Procedimiento de aplicaci\u00f3n<\/p>\n<p>A trav\u00e9s de nuestro formulario de contacto podr\u00e1 iniciar una reclamaci\u00f3n para conocer y oponerse a los motivos de la desestimaci\u00f3n de una solicitud de informaci\u00f3n accesible o queja, instar la adopci\u00f3n de las medidas oportunas en caso de no estar de acuerdo con la decisi\u00f3n adoptada, o exponer las razones por las que se considera que la respuesta no cumple con los requisitos exigidos.<\/p>\n<p>Contenido opcional<\/p>\n<p>La versi\u00f3n actualmente visible de este sitio web es de febrero de 2023 y en esa fecha se hizo la revisi\u00f3n del nivel de accesibilidad vigente<\/p>\n<p>A partir de esa fecha se llevar\u00e1n a cabo revisiones parciales cada a\u00f1o del contenido web nuevo o modificado, tanto de las plantillas como de las p\u00e1ginas y documentos finales publicados, a fin de asegurar el cumplimiento de los requerimientos de accesibilidad de la Norma UNE -EN 301549:2019, considerando las excepciones del Real Decreto 1112\/2018, de 7 de septiembre.<\/p>\n<p>Entre otras se adoptan las siguientes medidas para facilitar la accesibilidad:<\/p>\n<p>Utilizaci\u00f3n de texto alternativo en las im\u00e1genes<br \/>\nLos enlaces ofrecen detalles de la funci\u00f3n o destino del enlace<br \/>\nUso de los est\u00e1ndares de W3C: XHTML 1.0, CSS 3.0, WAI AA.<\/p>\n<p>Puede consultar en la p\u00e1gina de Aviso Legal para qu\u00e9 navegadores y versiones est\u00e1 optimizado este sitio web.<\/p>\n<\/div>\n<\/div>\n<\/div>\n<\/div><\/div><\/div><\/div><\/div>\n","protected":false},"excerpt":{"rendered":"","protected":false},"author":1,"featured_media":0,"parent":0,"menu_order":0,"comment_status":"closed","ping_status":"closed","template":"","meta":{"footnotes":""},"class_list":["post-1613","page","type-page","status-publish","hentry"],"yoast_head":"<!-- This site is optimized with the Yoast SEO plugin v26.9 - https:\/\/yoast.com\/product\/yoast-seo-wordpress\/ -->\n<title>Accesibilidad - Ferreter\u00eda Vert<\/title>\n<meta name=\"robots\" content=\"index, follow, max-snippet:-1, max-image-preview:large, max-video-preview:-1\" \/>\n<link rel=\"canonical\" href=\"https:\/\/ferreteriavert.es\/es\/accesibilidad\/\" \/>\n<meta property=\"og:locale\" content=\"es_ES\" \/>\n<meta property=\"og:type\" content=\"article\" \/>\n<meta property=\"og:title\" content=\"Accesibilidad - Ferreter\u00eda Vert\" \/>\n<meta property=\"og:url\" content=\"https:\/\/ferreteriavert.es\/es\/accesibilidad\/\" \/>\n<meta property=\"og:site_name\" content=\"Ferreter\u00eda Vert\" \/>\n<meta property=\"article:modified_time\" content=\"2024-03-25T15:24:34+00:00\" \/>\n<meta name=\"twitter:card\" content=\"summary_large_image\" \/>\n<meta name=\"twitter:label1\" content=\"Tiempo de lectura\" \/>\n\t<meta name=\"twitter:data1\" content=\"5 minutos\" \/>\n<script type=\"application\/ld+json\" class=\"yoast-schema-graph\">{\"@context\":\"https:\/\/schema.org\",\"@graph\":[{\"@type\":\"WebPage\",\"@id\":\"https:\/\/ferreteriavert.es\/es\/accesibilidad\/\",\"url\":\"https:\/\/ferreteriavert.es\/es\/accesibilidad\/\",\"name\":\"Accesibilidad - Ferreter\u00eda Vert\",\"isPartOf\":{\"@id\":\"https:\/\/ferreteriavert.es\/es\/#website\"},\"datePublished\":\"2023-03-06T11:17:01+00:00\",\"dateModified\":\"2024-03-25T15:24:34+00:00\",\"breadcrumb\":{\"@id\":\"https:\/\/ferreteriavert.es\/es\/accesibilidad\/#breadcrumb\"},\"inLanguage\":\"es\",\"potentialAction\":[{\"@type\":\"ReadAction\",\"target\":[\"https:\/\/ferreteriavert.es\/es\/accesibilidad\/\"]}]},{\"@type\":\"BreadcrumbList\",\"@id\":\"https:\/\/ferreteriavert.es\/es\/accesibilidad\/#breadcrumb\",\"itemListElement\":[{\"@type\":\"ListItem\",\"position\":1,\"name\":\"Portada\",\"item\":\"https:\/\/ferreteriavert.es\/es\/inicio\/\"},{\"@type\":\"ListItem\",\"position\":2,\"name\":\"Accesibilidad\"}]},{\"@type\":\"WebSite\",\"@id\":\"https:\/\/ferreteriavert.es\/es\/#website\",\"url\":\"https:\/\/ferreteriavert.es\/es\/\",\"name\":\"Ferreter\u00eda Vert\",\"description\":\"Herramientas y maquinaria en Barcelona\",\"publisher\":{\"@id\":\"https:\/\/ferreteriavert.es\/es\/#organization\"},\"potentialAction\":[{\"@type\":\"SearchAction\",\"target\":{\"@type\":\"EntryPoint\",\"urlTemplate\":\"https:\/\/ferreteriavert.es\/es\/?s={search_term_string}\"},\"query-input\":{\"@type\":\"PropertyValueSpecification\",\"valueRequired\":true,\"valueName\":\"search_term_string\"}}],\"inLanguage\":\"es\"},{\"@type\":\"Organization\",\"@id\":\"https:\/\/ferreteriavert.es\/es\/#organization\",\"name\":\"Ferreter\u00eda Vert\",\"alternateName\":\"Vert\",\"url\":\"https:\/\/ferreteriavert.es\/es\/\",\"logo\":{\"@type\":\"ImageObject\",\"inLanguage\":\"es\",\"@id\":\"https:\/\/ferreteriavert.es\/es\/#\/schema\/logo\/image\/\",\"url\":\"https:\/\/ferreteriavert.es\/wp-content\/uploads\/2023\/03\/cropped-favicon-1.png\",\"contentUrl\":\"https:\/\/ferreteriavert.es\/wp-content\/uploads\/2023\/03\/cropped-favicon-1.png\",\"width\":512,\"height\":512,\"caption\":\"Ferreter\u00eda Vert\"},\"image\":{\"@id\":\"https:\/\/ferreteriavert.es\/es\/#\/schema\/logo\/image\/\"},\"sameAs\":[\"https:\/\/www.instagram.com\/ferreteriavert\/\"]}]}<\/script>\n<!-- \/ Yoast SEO plugin. -->","yoast_head_json":{"title":"Accesibilidad - Ferreter\u00eda Vert","robots":{"index":"index","follow":"follow","max-snippet":"max-snippet:-1","max-image-preview":"max-image-preview:large","max-video-preview":"max-video-preview:-1"},"canonical":"https:\/\/ferreteriavert.es\/es\/accesibilidad\/","og_locale":"es_ES","og_type":"article","og_title":"Accesibilidad - Ferreter\u00eda Vert","og_url":"https:\/\/ferreteriavert.es\/es\/accesibilidad\/","og_site_name":"Ferreter\u00eda Vert","article_modified_time":"2024-03-25T15:24:34+00:00","twitter_card":"summary_large_image","twitter_misc":{"Tiempo de lectura":"5 minutos"},"schema":{"@context":"https:\/\/schema.org","@graph":[{"@type":"WebPage","@id":"https:\/\/ferreteriavert.es\/es\/accesibilidad\/","url":"https:\/\/ferreteriavert.es\/es\/accesibilidad\/","name":"Accesibilidad - Ferreter\u00eda Vert","isPartOf":{"@id":"https:\/\/ferreteriavert.es\/es\/#website"},"datePublished":"2023-03-06T11:17:01+00:00","dateModified":"2024-03-25T15:24:34+00:00","breadcrumb":{"@id":"https:\/\/ferreteriavert.es\/es\/accesibilidad\/#breadcrumb"},"inLanguage":"es","potentialAction":[{"@type":"ReadAction","target":["https:\/\/ferreteriavert.es\/es\/accesibilidad\/"]}]},{"@type":"BreadcrumbList","@id":"https:\/\/ferreteriavert.es\/es\/accesibilidad\/#breadcrumb","itemListElement":[{"@type":"ListItem","position":1,"name":"Portada","item":"https:\/\/ferreteriavert.es\/es\/inicio\/"},{"@type":"ListItem","position":2,"name":"Accesibilidad"}]},{"@type":"WebSite","@id":"https:\/\/ferreteriavert.es\/es\/#website","url":"https:\/\/ferreteriavert.es\/es\/","name":"Ferreter\u00eda Vert","description":"Herramientas y maquinaria en Barcelona","publisher":{"@id":"https:\/\/ferreteriavert.es\/es\/#organization"},"potentialAction":[{"@type":"SearchAction","target":{"@type":"EntryPoint","urlTemplate":"https:\/\/ferreteriavert.es\/es\/?s={search_term_string}"},"query-input":{"@type":"PropertyValueSpecification","valueRequired":true,"valueName":"search_term_string"}}],"inLanguage":"es"},{"@type":"Organization","@id":"https:\/\/ferreteriavert.es\/es\/#organization","name":"Ferreter\u00eda Vert","alternateName":"Vert","url":"https:\/\/ferreteriavert.es\/es\/","logo":{"@type":"ImageObject","inLanguage":"es","@id":"https:\/\/ferreteriavert.es\/es\/#\/schema\/logo\/image\/","url":"https:\/\/ferreteriavert.es\/wp-content\/uploads\/2023\/03\/cropped-favicon-1.png","contentUrl":"https:\/\/ferreteriavert.es\/wp-content\/uploads\/2023\/03\/cropped-favicon-1.png","width":512,"height":512,"caption":"Ferreter\u00eda Vert"},"image":{"@id":"https:\/\/ferreteriavert.es\/es\/#\/schema\/logo\/image\/"},"sameAs":["https:\/\/www.instagram.com\/ferreteriavert\/"]}]}},"_links":{"self":[{"href":"https:\/\/ferreteriavert.es\/es\/wp-json\/wp\/v2\/pages\/1613","targetHints":{"allow":["GET"]}}],"collection":[{"href":"https:\/\/ferreteriavert.es\/es\/wp-json\/wp\/v2\/pages"}],"about":[{"href":"https:\/\/ferreteriavert.es\/es\/wp-json\/wp\/v2\/types\/page"}],"author":[{"embeddable":true,"href":"https:\/\/ferreteriavert.es\/es\/wp-json\/wp\/v2\/users\/1"}],"replies":[{"embeddable":true,"href":"https:\/\/ferreteriavert.es\/es\/wp-json\/wp\/v2\/comments?post=1613"}],"version-history":[{"count":5,"href":"https:\/\/ferreteriavert.es\/es\/wp-json\/wp\/v2\/pages\/1613\/revisions"}],"predecessor-version":[{"id":1618,"href":"https:\/\/ferreteriavert.es\/es\/wp-json\/wp\/v2\/pages\/1613\/revisions\/1618"}],"wp:attachment":[{"href":"https:\/\/ferreteriavert.es\/es\/wp-json\/wp\/v2\/media?parent=1613"}],"curies":[{"name":"wp","href":"https:\/\/api.w.org\/{rel}","templated":true}]}}

<div class="fusion-fullwidth fullwidth-box fusion-builder-row-1 fusion-flex-container has-pattern-background has-mask-background nonhundred-percent-fullwidth non-hundred-percent-height-scrolling" style="--awb-border-radius-top-left:0px;--awb-border-radius-top-right:0px;--awb-border-radius-bottom-right:0px;--awb-border-radius-bottom-left:0px;--awb-flex-wrap:wrap;" ><div class="fusion-builder-row fusion-row fusion-flex-align-items-flex-start fusion-flex-content-wrap" style="max-width:1424.8px;margin-left: calc(-4% / 2 );margin-right: calc(-4% / 2 );"><div class="fusion-layout-column fusion_builder_column fusion-builder-column-0 fusion_builder_column_1_1 1_1 fusion-flex-column" style="--awb-bg-size:cover;--awb-width-large:100%;--awb-margin-top-large:0px;--awb-spacing-right-large:1.92%;--awb-margin-bottom-large:20px;--awb-spacing-left-large:1.92%;--awb-width-medium:100%;--awb-order-medium:0;--awb-spacing-right-medium:1.92%;--awb-spacing-left-medium:1.92%;--awb-width-small:100%;--awb-order-small:0;--awb-spacing-right-small:1.92%;--awb-spacing-left-small:1.92%;"><div class="fusion-column-wrapper fusion-column-has-shadow fusion-flex-justify-content-flex-start fusion-content-layout-column"><div class="fusion-title title fusion-title-1 fusion-sep-none fusion-title-text fusion-title-size-one" style="--awb-font-size:38px;"><h1 class="fusion-title-heading title-heading-left" style="margin:0;font-size:1em;">Declaración de accesibilidad</h1></div><div class="fusion-text fusion-text-1"><div class="container-fluid hidden-xs">
<div>
<div>
<p>Correo electrónico: ferreteriavert@gmail.com<br />
Teléfonos: +34 93 442 48 50</p>
<p>Las comunicaciones serán recibidas y tratadas por el departamento de atención de cliente de Ferreteria Vert, como unidad responsable de los contenidos de este sitio web.</p>
<p>También puede solicitar en formato accesible información que no cumpla con los requisitos de accesibilidad bien por estar excluida, bien por estar exenta por carga desproporcionada; o formular una queja por incumplimiento de los requisitos de accesibilidad. Enlace al formulario de contacto del artículo 12 del Real Decreto 1112/2018, de 7 de septiembre.</p>
<p>Procedimiento de aplicación</p>
<p>A través de nuestro formulario de contacto podrá iniciar una reclamación para conocer y oponerse a los motivos de la desestimación de una solicitud de información accesible o queja, instar la adopción de las medidas oportunas en caso de no estar de acuerdo con la decisión adoptada, o exponer las razones por las que se considera que la respuesta no cumple con los requisitos exigidos.</p>
<p>Contenido opcional</p>
<p>La versión actualmente visible de este sitio web es de febrero de 2023 y en esa fecha se hizo la revisión del nivel de accesibilidad vigente</p>
<p>A partir de esa fecha se llevarán a cabo revisiones parciales cada año del contenido web nuevo o modificado, tanto de las plantillas como de las páginas y documentos finales publicados, a fin de asegurar el cumplimiento de los requerimientos de accesibilidad de la Norma UNE -EN 301549:2019, considerando las excepciones del Real Decreto 1112/2018, de 7 de septiembre.</p>
<p>Entre otras se adoptan las siguientes medidas para facilitar la accesibilidad:</p>
<p>Utilización de texto alternativo en las imágenes<br />
Los enlaces ofrecen detalles de la función o destino del enlace<br />
Uso de los estándares de W3C: XHTML 1.0, CSS 3.0, WAI AA.</p>
<p>Puede consultar en la página de Aviso Legal para qué navegadores y versiones está optimizado este sitio web.</p>
</div>
</div>
</div>
</div></div></div></div></div>

<!-- This site is optimized with the Yoast SEO plugin v26.9 - https://yoast.com/product/yoast-seo-wordpress/ -->
<title>Accesibilidad - Ferretería Vert</title>
<meta name="robots" content="index, follow, max-snippet:-1, max-image-preview:large, max-video-preview:-1" />
<link rel="canonical" href="https://ferreteriavert.es/es/accesibilidad/" />
<meta property="og:locale" content="es_ES" />
<meta property="og:type" content="article" />
<meta property="og:title" content="Accesibilidad - Ferretería Vert" />
<meta property="og:url" content="https://ferreteriavert.es/es/accesibilidad/" />
<meta property="og:site_name" content="Ferretería Vert" />
<meta property="article:modified_time" content="2024-03-25T15:24:34+00:00" />
<meta name="twitter:card" content="summary_large_image" />
<meta name="twitter:label1" content="Tiempo de lectura" />
	<meta name="twitter:data1" content="5 minutos" />
<script type="application/ld+json" class="yoast-schema-graph">{"@context":"https://schema.org","@graph":[{"@type":"WebPage","@id":"https://ferreteriavert.es/es/accesibilidad/","url":"https://ferreteriavert.es/es/accesibilidad/","name":"Accesibilidad - Ferretería Vert","isPartOf":{"@id":"https://ferreteriavert.es/es/#website"},"datePublished":"2023-03-06T11:17:01+00:00","dateModified":"2024-03-25T15:24:34+00:00","breadcrumb":{"@id":"https://ferreteriavert.es/es/accesibilidad/#breadcrumb"},"inLanguage":"es","potentialAction":[{"@type":"ReadAction","target":["https://ferreteriavert.es/es/accesibilidad/"]}]},{"@type":"BreadcrumbList","@id":"https://ferreteriavert.es/es/accesibilidad/#breadcrumb","itemListElement":[{"@type":"ListItem","position":1,"name":"Portada","item":"https://ferreteriavert.es/es/inicio/"},{"@type":"ListItem","position":2,"name":"Accesibilidad"}]},{"@type":"WebSite","@id":"https://ferreteriavert.es/es/#website","url":"https://ferreteriavert.es/es/","name":"Ferretería Vert","description":"Herramientas y maquinaria en Barcelona","publisher":{"@id":"https://ferreteriavert.es/es/#organization"},"potentialAction":[{"@type":"SearchAction","target":{"@type":"EntryPoint","urlTemplate":"https://ferreteriavert.es/es/?s={search_term_string}"},"query-input":{"@type":"PropertyValueSpecification","valueRequired":true,"valueName":"search_term_string"}}],"inLanguage":"es"},{"@type":"Organization","@id":"https://ferreteriavert.es/es/#organization","name":"Ferretería Vert","alternateName":"Vert","url":"https://ferreteriavert.es/es/","logo":{"@type":"ImageObject","inLanguage":"es","@id":"https://ferreteriavert.es/es/#/schema/logo/image/","url":"https://ferreteriavert.es/wp-content/uploads/2023/03/cropped-favicon-1.png","contentUrl":"https://ferreteriavert.es/wp-content/uploads/2023/03/cropped-favicon-1.png","width":512,"height":512,"caption":"Ferretería Vert"},"image":{"@id":"https://ferreteriavert.es/es/#/schema/logo/image/"},"sameAs":["https://www.instagram.com/ferreteriavert/"]}]}</script>
<!-- / Yoast SEO plugin. -->

Accesibilidad - Ferretería Vert

Ferretería Vert
